e hundreds digit of 13031?
0
What is the hundreds digit of 1833?
8
What is the tens digit of 54?
5
What is the hundreds digit of 1249?
2
What is the units digit of 1149?
9
What is the tens digit of 1138?
3
What is the hundreds digit of 39961?
9
What is the tens digit of 1717?
1
What is the thousands digit of 15494?
5
What is the thousands digit of 2657?
2
What is the thousands digit of 16714?
6
What is the thousands digit of 21655?
1
What is the tens digit of 601?
0
What is the units digit of 1331?
1
What is the units digit of 36869?
9
What is the units digit of 11179?
9
What is the ten thousands digit of 19813?
1
What is the units digit of 109523?
3
What is the units digit of 257?
7
What is the hundreds digit of 1643?
6
What is the thousands digit of 1413?
1
What is the thousands digit of 78576?
8
What is the units digit of 931?
1
What is the hundreds digit of 2414?
4
What is the tens digit of 2832?
3
What is the thousands digit of 9121?
9
What is the tens digit of 9671?
7
What is the hundreds digit of 3287?
2
What is the units digit of 68957?
7
What is the thousands digit of 1528?
1
What is the tens digit of 23714?
1
What is the units digit of 11155?
5
What is the thousands digit of 40433?
0
What is the units digit of 111?
1
What is the tens digit of 1757?
5
What is the tens digit of 23503?
0
What is the thousands digit of 60410?
0
What is the thousands digit of 3070?
3
What is the hundreds digit of 284?
2
What is the hundreds digit of 92840?
8
What is the thousands digit of 30919?
0
What is the hundreds digit of 306?
3
What is the thousands digit of 2317?
2
What is the units digit of 63858?
8
What is the units digit of 8268?
8
What is the hundreds digit of 1496?
4
What is the tens digit of 66?
6
What is the tens digit of 655?
5
What is the hundreds digit of 4394?
3
What is the units digit of 2697?
7
What is the units digit of 137394?
4
What is the hundreds digit of 39333?
3
What is the ten thousands digit of 18878?
1
What is the units digit of 1221?
1
What is the ten thousands digit of 82252?
8
What is the hundreds digit of 546?
5
What is the thousands digit of 36845?
6
What is the hundreds digit of 1211?
2
What is the ten thousands digit of 17417?
1
What is the thousands digit of 15752?
5
What is the units digit of 886?
6
What is the ten thousands digit of 17966?
1
What is the tens digit of 3570?
7
What is the thousands digit of 1764?
1
What is the thousands digit of 19510?
9
What is the tens digit of 7608?
0
What is the units digit of 65221?
1
What is the units digit of 27593?
3
What is the ten thousands digit of 51919?
5
What is the thousands digit of 9592?
9
What is the tens digit of 55669?
6
What is the units digit of 1571?
1
What is the tens digit of 17291?
9
What is the thousands digit of 11163?
1
What is the thousands digit of 1014?
1
What is the ten thousands digit of 14332?
1
What is the thousands digit of 5399?
5
What is the units digit of 36628?
8
What is the units digit of 537?
7
What is the tens digit of 6498?
9
What is the thousands digit of 43315?
3
What is the units digit of 2054?
4
What is the tens digit of 1272?
7
What is the thousands digit of 97120?
7
What is the units digit of 11300?
0
What is the tens digit of 1598?
9
What is the tens digit of 8530?
3
What is the tens digit of 14043?
4
What is the units digit of 29922?
2
What is the units digit of 16782?
2
What is the hundreds digit of 696?
6
What is the thousands digit of 1776?
1
What is the units digit of 333?
3
What is the thousands digit of 1129?
1
What is the hundreds digit of 2821?
8
What is the hundreds digit of 2172?
1
What is the hundreds digit of 50399?
3
What is the thousands digit of 33247?
3
What is the tens digit of 1143?
4
What is the units digit of 38211?
1
What is the units digit of 446?
6
What is the hundreds digit of 1635?
6
What is the units digit of 6394?
4
What is the tens digit of 639?
3
What is the units digit of 402?
2
What is the ten thousands digit of 26755?
2
What is the tens digit of 1604?
0
What is the hundreds digit of 5017?
0
What is the thousands digit of 1406?
1
What is the units digit of 2241?
1
What is the units digit of 1092?
2
What is the thousands digit of 2235?
2
What is the hundreds digit of 5629?
6
What is the hundreds digit of 1442?
4
What is the tens digit of 31112?
1
What is the units digit of 1854?
4
What is the thousands digit of 1701?
1
What is the thousands digit of 39378?
9
What is the hundreds digit of 1715?
7
What is the hundreds digit of 7823?
8
What is the units digit of 335?
5
What is the tens digit of 31202?
0
What is the units digit of 87?
7
What is the hundreds digit of 3387?
3
What is the thousands digit of 25772?
5
What is the hundreds digit of 811?
8
What is the hundreds digit of 2902?
9
What is the hundred thousands digit of 144135?
1
What is the hundreds digit of 902?
9
What is the thousands digit of 20466?
0
What is the hundreds digit of 6462?
4
What is the thousands digit of 4818?
4
What is the units digit of 91844?
4
What is the hundreds digit of 58531?
5
What is the hundreds digit of 11421?
4
What is the thousands digit of 2304?
2
What is the tens digit of 5210?
1
What is the units digit of 40?
0
What is the ten thousands digit of 137578?
3
What is the thousands digit of 6602?
6
What is the hundred thousands digit of 104494?
1
What is the hundreds digit of 23286?
2
What is the hundreds digit of 30038?
0
What is the units digit of 108?
8
What is the thousands digit of 34979?
4
What is the tens digit of 909?
0
What is the ten thousands digit of 168057?
6
What is the ten thousands digit of 83912?
8
What is the tens digit of 1080?
8
What is the hundreds digit of 7144?
1
What is the units digit of 800?
0
What is the units digit of 37051?
1
What is the tens digit of 12117?
1
What is the units digit of 1645?
5
What is the units digit of 413?
3
What is the hundreds digit of 1598?
5
What is the hundreds digit of 6011?
0
What is the ten thousands digit of 47178?
4
What is the hundreds digit of 4839?
8
What is the units digit of 61620?
0
What is the ten thousands digit of 64527?
6
What is the hundreds digit of 13377?
3
What is the thousands digit of 24314?
4
What is the units digit of 6174?
4
What is the hundreds digit of 3533?
5
What is the hundreds digit of 2530?
5
What is the hundreds digit of 2196?
1
What is the hundreds digit of 12511?
5
What is the thousands digit of 2847?
2
What is the thousands digit of 68841?
8
What is the tens digit of 758?
5
What is the units digit of 7398?
8
What is the thousands digit of 3200?
3
What is the ten thousands digit of 15317?
1
What is the hundreds digit of 5127?
1
What is the tens digit of 1984?
8
What is the hundreds digit of 28113?
1
What is the units digit of 831?
1
What is the thousands digit of 15457?
5
What is the hundreds digit of 10567?
5
What is the hundreds digit of 586?
5
What is the hundreds digit of 2036?
0
What is the tens digit of 84920?
2
What is the hundreds digit of 892?
8
What is the units digit of 6791?
1
What is the thousands digit of 1961?
1
What is the ten thousands digit of 74668?
7
What is the hundreds digit of 2273?
2
What is the hundreds digit of 631?
6
What is the units digit of 2433?
3
What is the hundreds digit of 13416?
4
What is the units digit of 2339?
9
What is the hundreds digit of 891?
8
What is the hundreds digit of 2341?
3
What is the tens digit of 67333?
3
What is the tens digit of 2231?
3
What is the units digit of 9104?
4
What is the thousands digit of 174807?
4
What is the units digit of 31?
1
What is the ten thousands digit of 38150?
3
What is the hundreds digit of 3970?
9
What is the tens digit of 357?
5
What is the hundreds digit of 5197?
1
What is the thousands digit of 1243?
1
What is the hundreds digit of 4634?
6
What is the tens digit of 76435?
3
What is the ten thousands digit of 26795?
2
What is the ten thousands digit of 31697?
3
What is the thousands digit of 1544?
1
What is the tens digit of 5649?
4
What is the thousands digit of 4446?
4
What is the tens digit of 817?
1
What is the units digit of 135463?
3
What is the units digit of 475?
5
What is the thousands digit of 81122?
1
What is the tens digit of 39179?
7
What is the hundreds digit of 1100?
1
What is the ten thousands digit of 13853?
1
What is the thousand